+ 7. Suppose -5*r = 3*p - 24, 4*r = -10*p + 7*p + 24. What is d(p)?
-25
Let d(r) be the second derivative of r**5/20 - r**4/2 - 2*r**3/3 - 9*r**2/2 + 2*r - 27. Calculate d(7).
12
Let y be (3/12)/(-6*(-7)/(-336)). Let q(n) = n. Give q(y).
-2
Let t(y) = y**2 + 4*y - 7. Let c be 3/18 + (-100)/24. Determine t(c).
-7
Let a(g) = -g**3 + 6*g**2 - 5*g - 4. Suppose n - 9 = -2*d, 5*d - n = d + 3. Let k be 9 - (-3)/((-3)/d). Let r = k - 3. Give a(r).
8
Let x(p) = -2*p**2 + 2*p + 1. Let l(o) = 3*o**2 - 2*o - 1. Let q = -66 - -69. Let z(s) = q*l(s) + 4*x(s). What is z(-1)?
0
Let g(r) be the first derivative of -15*r + 1/4*r**4 + 41 - 1/2*r**2 + 1/3*r**3. What is g(0)?
-15
Suppose 4*a - 40 = 8*a. Let t be (33/55)/((-1)/a). Let r(o) = -1 - o + t*o + 3 + 3 - o**2. Determine r(5).
5
Let d(k) = 3*k**3 - k**2 - 4*k + 5. Let z(v) = -7*v**3 + 6*v - 10. Let u(f) = 5*d(f) + 2*z(f). Suppose 0 = 4*a + 4, 0*c - 14 = -3*c - 4*a. Calculate u(c).
-7
Let o(a) be the second derivative of -a**4/12 - a**3/3 - 3*a**2/2 + 2*a. Let m(p) = -3*p. Let y be m(-3). Suppose y = -2*u - u. Give o(u).
-6
Let h = -465 + 473. Let c(m) = -m**2 + 9*m - 5. What is c(h)?
3
Let d(o) = 6*o**2 + o. Let a be (12/(-9))/((-4)/12). Let n be a + (-3)/((-9)/(-15)). Calculate d(n).
5
Let h(t) be the first derivative of t**4/12 - 4*t**3/3 + 4*t**2 - 6*t + 11. Let c(k) be the first derivative of h(k). Determine c(7).
1
Let c = -244 - -241. Let q(m) = -12*m - 4. What is q(c)?
32
Let m(n) be the second derivative of n**5/20 - n**4/12 + n**3/2 - 8*n**2 + 456*n. What is m(0)?
-16
Let z(d) = -7*d**2 + 25*d - 9. Let f be z(3). Let v(u) = -3*u - 1. What is v(f)?
-10
Suppose 0 = 6*h + 29 - 5. Let j(r) be the first derivative of -r**3/3 - r**2/2 + 4*r + 3. Determine j(h).
-8
Let j = -603 - -613. Let m(v) = v**2 - 12*v + 12. Calculate m(j).
-8
Let b(n) be the first derivative of n**5/60 - 5*n**4/24 - n**3/6 - 16*n**2 - 11. Let i(l) be the second derivative of b(l). Give i(6).
5
Suppose -b = -3*w + 89, -3*b + 15 = -6*b. Let g(j) = 1 - 3*j - 2*j + w*j**2 - 27*j**2. What is g(5)?
1
Let c be 9 - 4 - (25 + (-5 - 0)). Let n(h) = h + 25. What is n(c)?
10
Let d(p) = p**2 - 7*p - 1. Suppose -25 = 9*q - 70. Determine d(q).
-11
Let z(i) be the first derivative of -i**3/3 + 13*i**2/2 - 10*i - 63. Give z(12).
2
Suppose -3 = 3*m + 2*t - 9, -2*m - t = -4. Let g(u) = m*u - 1 - 3*u - 2*u**2 - 4*u + 2. Suppose 0 = 2*v + c + 7, -5*c + 1 + 20 = -4*v. Determine g(v).
-11
Let s be (156/96)/(-13) - (-34)/16. Let w(x) = 3*x**2 - 1. Give w(s).
11
Let b = 10 + -8. Let d(m) = -m**2 + 1. Let c(q) = q - 2. Let p be c(3). Let u(h) = h**3 - h**2 + 2*h - 5. Let x(z) = p*u(z) + 2*d(z). Determine x(b).
-3
Let q(c) = -16*c**3 + c**2 - c - 1. Suppose -17 = 8*a - 9. Calculate q(a).
17
Let n(t) = -t**2 + t + 1. Let u(r) = -6*r**2 + 8*r + 2. Let k(g) = -5*n(g) + u(g). Let x be (-2)/(6/3) - (-7 + -13 + 15). Calculate k(x).
-7
Suppose -3*o = -9*o - 24. Suppose 0*r = 2*r - 10. Let u(z) = 4 - z - 2 - r. Give u(o).
1
Let b(q) be the second derivative of -q**5/20 + q**4/3 - 2*q**3/3 + 5*q**2/2 - 47*q. Determine b(3).
2
Let k = -29 - -27. Let o be 0 + 6*(2 + -1 + k). Let z(b) = -b - 2. Calculate z(o).
4
Let t(o) = o - 1. Suppose 4*q = 17 - 1. Suppose 4*f - 5*d + 0*d - 32 = 0, -f + 8 = q*d. Calculate t(f).
7
Let v(b) = -10*b + 87. Let h(r) = 15*r - 139. Let z(y) = 5*h(y) + 8*v(y). Let t = 1 + 0. Determine z(t).
-4
Let w be 21/(-12) + -3 - (-2)/(-8). Let z(b) = -b**3 - 8*b**2 - 6*b + 7. Give z(w).
-38
Let t(a) = 16*a + 52. Let g be t(-3). Let h(o) = 3*o**2 - 23*o + 23. Let r(s) = -2*s**2 + 15*s - 15. Let b(q) = -5*h(q) - 8*r(q). Give b(g).
1
Let q(b) = 9*b**2 - 8*b - 23. Let y(l) = -5*l**2 + 4*l + 12. Let t(i) = 6*q(i) + 11*y(i). Let s be 2 - 2 - (-8)/(-2). Calculate t(s).
-6
Let x = -85 + 86. Let t be 0 + -2 + -1 + 4. Let s(h) = 3*h**2 + 0*h - t + h + 0*h**2. Give s(x).
3
Let z be 16/(-40) - (-74)/10. Let v be 1*2 - 0/6. Let n(g) = 8*g - 7 - 1 + 46*g**2 - 47*g**v. Give n(z).
-1
Let q = -277 - -274. Let t(s) = s**3 + 2*s**2 - 5*s - 3. What is t(q)?
3
Suppose 0 = 8*h + 4 - 20. Suppose 5*w + s + h*s - 6 = 0, 4*w = -5*s - 3. Let a(u) = -u**2 + 4*u + 3. What is a(w)?
6
Let t(c) = 4*c - 1. Let k be ((5 + -6)*2)/(4/(-6)). Suppose -6*o - 1 = g - 4*o, 0 = -4*g + k*o + 7. Calculate t(g).
3
Let u = -72 + 78. Let d(q) = 3 - 63*q**2 + q**3 + u*q - 14*q + 58*q**2. Determine d(6).
-9
Let n(c) be the first derivative of -c**2/2 + 12*c - 3. Let m be n(10). Let d(w) = -4*w + m + w + 2*w + 2. Calculate d(0).
4
Let w = 177 - 171. Let a(d) = -d**2 + 6*d - 6. What is a(w)?
-6
Let k(l) = -l - 136*l**2 - 2*l - 4 + 135*l**2. Calculate k(4).
-32
Let n(w) = w**2 + 9*w + 13. Let h = -273 + 266. Give n(h).
-1
Suppose -175*k = -178*k + 15. Let a(n) = -n - 3. Let x(c) = 2. Let f(y) = 4. Let w(r) = -4*f(r) + 7*x(r). Let p(q) = 3*a(q) - 4*w(q). Calculate p(k).
-16
Let u(p) be the third derivative of p**6/120 - 3*p**5/20 - p**4/24 + 3*p**3/2 + 33*p**2. Calculate u(9).
0
Let r = -29 - -39. Let z(y) = -6*y**3 + 12 - 12 - r*y**2 - y + 8*y**2. Determine z(-1).
5
Let m(g) be the third derivative of 0*g + 0 + 1/24*g**4 + g**2 - 7/6*g**3. Let d be (-6)/18 + (-1)/(-3). Give m(d).
-7
Let r be 87/17 - 20/170. Let g(d) = -d + 2. Let w be g(-1). Let a(y) = -2 + 7 - 6*y**w - 8*y + 7*y**3 - 3*y**2. Determine a(r).
15
Let p(b) = -2*b + 6*b + 8*b - 11*b - 2. Determine p(-9).
-11
Let w(h) = -10*h - 8*h**2 + 14*h + 11*h**2 - 4 - 3*h**2 - 5*h**2. Determine w(2).
-16
Let c(n) = 2*n**2 - 4*n + 3. Let z(w) = w**2 + 2*w - 7. Let q be z(-5). Let g = -2 + q. Suppose 3*m - 15 = 3*x - g*x, 0 = -3*m + 6. Calculate c(x).
9
Suppose -4*r + 3*r + 31 - 30 = 0. Let g(a) = 3*a + a + 2*a. Determine g(r).
6
Let v(q) = 6*q**2 + 2*q - 2. Let f be v(1). Let w(p) = 3 - f + p - 4. Give w(0).
-7
Suppose -5*r + 2*n = 4*n + 10, -5*r - 3*n - 15 = 0. Let d(h) be the first derivative of 6*h + 1/2*h**2 + 8 - 1/3*h**3 - 1/4*h**4. Give d(r).
6
Let g(c) = c + 1 + 4*c + 27 + 0. Determine g(-5).
3
Suppose 130 = j + 132. Let v(l) = -4*l + 5. Let d(g) = -g + 1. Let w(h) = -3*d(h) + v(h). What is w(j)?
4
Let x(a) = -69*a + a**2 - 6*a**2 - 2*a**3 + 68*a + 2. Calculate x(-3).
14
Let g(c) = c**3 - 4*c**2 + 1. Suppose 3*t - 233 = -92. Let x = -44 + t. Give g(x).
-8
Let s = 12 + -6. Let g(z) = z + 4*z + s - 6*z. Suppose -2*c - 7*c = 0. Give g(c).
6
Suppose -3*y = -2 + 14. Let h(c) = -2*c + 1. Let x(m) = 6*m + 2. Let n(o) = 5*o + 1. Let p(k) = -3*n(k) + 2*x(k). Let l(w) = 5*h(w) - 3*p(w). Calculate l(y).
6
Suppose -4*x = -29 - 11. Let h(t) = -1 + 0*t**2 - t**2 - 11*t + x*t. Calculate h(0).
-1
Let r(t) = -11*t**2 - 5*t - 12. Let p(d) = -5*d**2 - 2*d - 6. Let i = 8 + 5. Let o(y) = i*p(y) - 6*r(y). Calculate o(-6).
6
Let m(s) = -s**2 - 4*s + 1. Let d(v) = -5*v - v**3 - 3 + 2*v + 5*v + v. Let c be d(2). Determine m(c).
-4
Let d(m) = 3 - 28*m + 34*m - 5. Give d(-2).
-14
Let p(d) be the third derivative of d**6/120 + 7*d**5/60 + d**4/4 - 7*d**3/6 - 30*d**2 - 2*d. Determine p(-5).
13
Suppose -8*i = -49 - 23. Let q(r) = -7 - 6 - 2*r + 6*r - 2*r - 9*r**2 + r**3. Give q(i).
5
Let a(x) be the first derivative of 55*x**3/3 + 7*x**2/2 + 3*x + 13. Let c(w) = -18*w**2 - 2*w - 1. Let r(t) = 2*a(t) + 7*c(t). What is r(1)?
-17
Let b(q) = -q**3 - 5*q**2 - 3*q + 2. Suppose -r + 3*r - 6 = 0. Suppose 2*h - 5*k = 43, r*h + h - 26 = -2*k. Let o = -13 + h. Give b(o).
-2
Let v(c) = -c**2 + c - 1. Let k(g) = 1. Let s(f) = -f + 5. Let l(z) = -6*k(z) + s(z). Let h be l(-4). What is v(h)?
-7
Let i(h) = h**3 + 5*h**2 - 7*h - 7. Let r(d) = -2*d + 5. Let b be r(0). Suppose 0 = 5*j + 25 + b. Let a be i(j). Let c(s) = -11*s. What is c(a)?
11
Let q(y) be the first derivative of y**2 - 8*y - 118. What is q(9)?
10
Let f(h) be the third derivative of h**8/448 + h**7/2520 + h**6/720 + h**5/120 - 5*h**4/12 + 23*h**2. Let a(u) be the second derivative of f(u). What is a(-1)?
-14
Let n be 3 + (-3 + 5 + -5 - -3). Suppose 18 = -3*v - 3*h, -v - 3*v = -n*h - 11. Let o(c) = -14*c**2 - c - 1. Give o(v).
-14
Let v be 16/(-32)*(-3 - 7). Let q(g) = -g - 7. What is q(v)?
-12
Let l(r) = -r**3 - 8*r**2 + 10*r + 5. Suppose -2*a + 3*u = 3, 3*u + 15 + 0 = 0. Give l(a).
-4
Let z(t) be the third derivative of t**8/20160 + t**7/1008 - t**6/144 - 7*t**5/12 + 40*t**2. Let s(o) be the third derivative of z(o). Cal